igit of (-3)/y*(-3)/9?
1
What is the units digit of 4/(-10) + (-696)/(-40)?
7
Let y = -470 - -747. What is the hundreds digit of y?
2
Suppose 198 = 3*p - 204. What is the units digit of p?
4
Let n(i) = 5*i + 1. What is the tens digit of n(10)?
5
Suppose -94 = -2*d + 34. What is the units digit of (6/(-2))/((-12)/d)?
6
Suppose 3*k - 3*s = 27, 3*k - k = -3*s - 2. Suppose k*w + 6 = -19, 3*a = -4*w + 49. Let z = a - 10. What is the tens digit of z?
1
Let i(l) = l**3 + 14*l**2 + l + 16. Let f be i(-14). Suppose f*k + j - 76 = -3*j, -3*k = -3*j - 114. What is the units digit of k?
8
Let y(l) = -l + 16. Let t be y(5). Suppose -2*q - t = -27. What is the units digit of q?
8
Let j be ((-3)/(-9))/((-2)/(-24)). Suppose 4*l - 5*u = 2*l + 13, -50 = -j*l + 2*u. What is the units digit of l?
4
Let n be 6/(-4)*8/2. Let q = -3 - n. What is the units digit of q?
3
Let u be (-7)/2 - (-4)/(-8). Let c be 1*(u/(-2) + 2). Suppose 10 = 4*p - 2*v - 8, c*p - 36 = -4*v. What is the units digit of p?
6
Let i(n) = n**3 - 3*n + 2. Let k be i(2). Suppose -k*z - 1 = -p, 3*z - 2*p = 1 - 8. Let u(o) = 16*o**2 + o. What is the tens digit of u(z)?
1
Suppose t + 3 = -3*l - 8, 0 = 4*l + 5*t + 11. What is the units digit of (-27)/(-6)*-2*l?
6
Suppose x + 3*l + 3 = 0, x = 2*l - l + 1. Let w be x - -1 - (1 - 3). Let f = w - 2. What is the units digit of f?
1
Suppose 6 = 3*l + 2*k, -2*l = 2*l + 5*k - 15. Suppose l*w = 4*w + 2*p - 8, 3 = -w + 2*p. What is the units digit of w?
1
Let x(u) = u**2 + 3*u + 1. Let n be x(-2). What is the units digit of n/(-2)*(-1 - -3)?
1
Let p(z) = 3*z. Let o be p(2). What is the tens digit of (o - 0)/((-3)/(-6))?
1
Suppose 2*a = 2*v + 18, -4*v - 44 = -3*a - 2*a. Suppose u - 27 = -a. What is the units digit of u?
9
Let t(z) = z**3 + 6*z**2 - 2*z + 10. Let l be t(-7). Let r = l - -40. What is the units digit of r?
5
What is the tens digit of 2338/21 + (10/(-3))/(-5)?
1
Let r = -9 - -27. What is the tens digit of r?
1
Suppose -19*p + 14*p + 140 = 0. What is the tens digit of p?
2
Let f(a) = -5*a**2 + 7*a + 5. Let b(o) = o**2 - o. Let s(y) = 6*b(y) + f(y). Let k be s(0). Suppose 3 = 2*z - k. What is the units digit of z?
4
Suppose 0 = -5*v + 4*v + 33. What is the units digit of v?
3
Suppose -2*s = -4*s. Suppose 0*q - 5*q - 3*l + 2 = s, -20 = -5*l. What is the units digit of q*6*(-3)/4?
9
Let p(u) = u**2 + 7*u + 2. Let k be p(-7). Suppose 5*f = 4*z - 38, k*z - 5*f + 8*f = 30. What is the units digit of z?
2
Let h(z) = 11*z + 2. Let k(y) = 6*y + 1. Let b(s) = -6*h(s) + 10*k(s). What is the units digit of b(-4)?
2
Suppose -2*q = -q - 14. Suppose 0 = -4*c - 0*c - 5*h + 103, -5*c - 3*h + 119 = 0. Let k = c - q. What is the units digit of k?
8
Let q be (-9)/(-2) - 2/(-4). Suppose 1 - q = 2*s. What is the tens digit of 19/s*4/(-2)?
1
Let i = -10 - -9. Let q(s) = 20*s**2 + 1. What is the tens digit of q(i)?
2
Suppose -8 = 2*j, 63 = 2*v - 5*j - 19. What is the units digit of v?
1
What is the units digit of (1 - 3) + 51 - -5?
4
What is the tens digit of ((-1)/2)/((-7)/280)?
2
Let x(v) = -13*v + 1. Let k be x(-3). Suppose -4*q = q - k. What is the units digit of q?
8
Suppose 0 = 5*p + 4*y + 39, -4*p + y - 15 = -3*p. Let k(z) = -z**2 - 12*z + 1. What is the units digit of k(p)?
2
Let h(z) = -z**3 - 13*z**2 - 13*z - 1. Let n be (-2)/(-4)*0/3. Suppose -m - 4*m - 60 = n. What is the tens digit of h(m)?
1
Suppose u + 5 = 0, -27 = -2*j - 3*u + 2*u. What is the tens digit of j?
1
Let j(z) = 5*z + 9. Let x(q) = -11*q - 19. Let i(l) = -5*j(l) - 2*x(l). Let w be i(-6). Suppose -3*o + w = -2*o. What is the units digit of o?
1
Let s = -130 - -219. Suppose -34 = 5*w - s. What is the tens digit of w?
1
Let d(v) = -5 - 3*v**2 - 2*v**3 - 2*v + 5. What is the units digit of d(-2)?
8
Let a(t) = 8*t**3 + 1. What is the units digit of a(1)?
9
Let u be (7 - 1)/(2/4). Suppose -4*k - k - 25 = 0, -u = x - 2*k. What is the units digit of x/(-4) + (-2)/(-4)?
6
Suppose 3*g + c - 114 = 0, -2*g + 30 = -5*c - 63. Let o = g + -13. What is the tens digit of o?
2
Let w(x) = -x**2 + 12*x + 5. Let v be w(12). Suppose 2 = -4*b + 22, v*y = 5*b + 275. Suppose 0 = f - 5*f + y. What is the units digit of f?
5
Suppose 48 = 4*x - 0. Let u = 6 - x. Let h = 0 - u. What is the units digit of h?
6
Suppose -3*k - 22 + 1 = 0. Let o(z) = -3*z - 10. What is the units digit of o(k)?
1
Let i = -151 - -236. What is the tens digit of i?
8
Let s be (-2 - -1)*(2 - 32). Suppose 2*b + 3*j + 12 = -b, 4*b + s = 3*j. Let k = 0 - b. What is the units digit of k?
6
Let g(l) = -2*l - 3. Let w be g(-4). Suppose -w*i + 4*s + 96 = 0, -4*i - 5*s + 85 = -0*s. What is the tens digit of i?
2
Let y(g) = -11*g - 26. What is the tens digit of y(-10)?
8
Let b(t) = t**2 + t - 2. Let c be b(-3). Suppose -5*k = 5*j + 81 - 31, c*j - 2*k + 28 = 0. Let i = 0 - j. What is the units digit of i?
8
Let p(l) = 19*l**2 - 2*l - 1. Let x be p(-1). Let m be (-4)/(-10) + 632/x. Suppose m = 4*z - 0*z. What is the units digit of z?
8
Let c(b) = -5 + 2 + 2 + b - 3*b. What is the units digit of c(-6)?
1
Let a = -1 - 0. Suppose -5*u = 2*i + 4, 3*i + 7 = 3*u + 1. What is the units digit of -1*(i + 2 + a)?
1
Suppose -3*b = 2*b - 5*k - 40, 2*k = 4*b - 24. Let s = 4 + b. What is the units digit of s?
8
Let u = -71 - -94. What is the units digit of u?
3
Let n(w) = 3*w - 2*w - 5*w + 8 + 5*w. What is the units digit of n(0)?
8
Suppose 0*l + 3*l - 4*s - 113 = 0, -3*s = l - 29. What is the tens digit of l?
3
Suppose 18*v - 319 = 17*v. What is the hundreds digit of v?
3
Let r = 62 - 36. What is the units digit of r?
6
Let p = -7 + 12. Suppose p*c + 4*r - 22 = 0, 4*c - 20 - 12 = 4*r. Suppose c = 4*q - q. What is the units digit of q?
2
Suppose 9 = 5*m - 21. What is the units digit of (-3 + m)*(-1 + 2)?
3
Let s = 27 + -24. What is the units digit of s?
3
Suppose 0 = -2*u - 2, -6 = -2*c - 2*u. Suppose w - 5*a = c*w - 46, -40 = -4*w + 4*a. What is the tens digit of w?
1
Suppose -3 = 2*c - 7. Suppose -3 - 17 = -c*s. Suppose -2 = 4*n - s. What is the units digit of n?
2
Suppose p + 14 = 48. What is the tens digit of p?
3
Suppose -3*q = -8*q + 90. What is the tens digit of q?
1
Suppose -4*v + 114 = -2*v. What is the units digit of v?
7
Let s be (-2)/(-3)*(7 - 1). Suppose -43*h + 125 = -38*h. Suppose r + s*r = h. What is the units digit of r?
5
Let u(s) = -5*s**2 - 11*s**3 + 0*s**2 - 1 - 2*s + 4*s**2. What is the units digit of u(-1)?
1
What is the units digit of ((-80)/(-10))/(1 - 70/74)?
8
Let p(w) = 6 - 2 + 6 + w. What is the units digit of p(-3)?
7
Let z be -23 + 1 + -2 + 1. Let o be z/(-7) - 6/21. Let d(g) = -g**3 + 4*g**2 + 1. What is the units digit of d(o)?
0
Suppose 2*n + 5*v + 1 = 5*n, 17 = -3*n - 4*v. What is the units digit of (-6)/(4/(8/n))?
4
Suppose -5*z = 2*y + 49, -3*z + 3*y - 21 = -0*z. Let n(p) = -5 + 4*p + p**2 + 4 + 4*p. What is the units digit of n(z)?
8
Let w be 1/(-3)*20*6. What is the units digit of ((-6)/(-4))/((-3)/w)?
0
Let l = -26 - -25. What is the units digit of 47/(2 + (l - 0))?
7
Let m(w) = -w**3 + 16*w**2 + 2*w + 2. What is the units digit of m(16)?
4
Suppose -2*j - 6 = 2*c, 4*j - 2*j = -c - 7. What is the units digit of c?
1
Let s = -17 - -13. Suppose -20 - 20 = 5*b. Let f = s - b. What is the units digit of f?
4
Suppose 30 = -5*h + 3*s - 15, 2*h - 13 = -5*s. Let z be 0 - h/(-9)*-3. Suppose n + z = 11. What is the units digit of n?
9
Suppose -2*a + 5 = 3*n, 2*a = -0 - 10. Suppose 105 = n*k + u, u = -4*k + 55 + 28. What is the tens digit of k?
2
Let l = 105 - 55. What is the units digit of l?
0
Let h(z) = -z**2 - 4*z + 2. Let o be h(-4). Let y be o/(4/6) - 1. Suppose 0 = y*k - 5*r + 13, -5*k + 3*r - 4*r = -8. What is the units digit of k?
1
Let m(k) = 18*k + 1. Let w be m(-2). Let o = w + 50. Let b = -11 + o. What is the units digit of b?
4
Let l(g) = 2*g - 2. Let r(n) = -n**2 - 5*n + 7. Let w be r(-5). What is the units digit of l(w)?
2
Let q(w) be the first derivative of -w**4/4 - w**3/3 + w + 2. Let n be q(-3). Let o = n + -6. What is the units digit of o?
3
Suppose -3*u = -126 - 363. What is the units digit of u?
3
Let d = 12 + -7. Suppose 2*j + j = -2*i + 2, -j + d = 5*i. Suppose -3*w - w + 24 = j. What is the units digit of w?
6
Let s = 4 + -11. Let b = s + 13. What is the units digit of b?
6
Let i(b) = -b + 5. Let q be i(9). Let l = -10